nder when 539757 is divided by 173?
170
Calculate the remainder when 290266 is divided by 198.
196
Calculate the remainder when 225 is divided by 131.
94
Calculate the remainder when 724557 is divided by 48.
45
What is the remainder when 763608 is divided by 211?
210
Calculate the remainder when 65 is divided by 25.
15
What is the remainder when 7157 is divided by 888?
53
Calculate the remainder when 25016 is divided by 714.
26
Calculate the remainder when 800734 is divided by 32.
30
What is the remainder when 3492 is divided by 154?
104
Calculate the remainder when 408020 is divided by 14572.
4
Calculate the remainder when 249686 is divided by 1611.
1592
Calculate the remainder when 4993 is divided by 79.
16
What is the remainder when 2401 is divided by 645?
466
Calculate the remainder when 11913 is divided by 11910.
3
Calculate the remainder when 529606 is divided by 2571.
2551
What is the remainder when 114994 is divided by 148?
146
Calculate the remainder when 15935 is divided by 5310.
5
Calculate the remainder when 50634 is divided by 5.
4
What is the remainder when 150385 is divided by 75186?
13
Calculate the remainder when 50175 is divided by 49.
48
What is the remainder when 22941 is divided by 22?
17
What is the remainder when 7766 is divided by 3873?
20
Calculate the remainder when 338116 is divided by 1034.
1032
Calculate the remainder when 218383 is divided by 72789.
16
What is the remainder when 44527 is divided by 11?
10
What is the remainder when 3005 is divided by 931?
212
What is the remainder when 20136 is divided by 20035?
101
What is the remainder when 168 is divided by 19?
16
What is the remainder when 53854 is divided by 176?
174
Calculate the remainder when 2487 is divided by 1117.
253
Calculate the remainder when 363241 is divided by 29.
16
Calculate the remainder when 16818567 is divided by 77.
73
Calculate the remainder when 2042992 is divided by 2043.
2035
What is the remainder when 1530 is divided by 30?
0
Calculate the remainder when 1403522 is divided by 155.
152
Calculate the remainder when 140316 is divided by 16.
12
Calculate the remainder when 49746 is divided by 9947.
11
Calculate the remainder when 3353 is divided by 224.
217
What is the remainder when 1155 is divided by 178?
87
Calculate the remainder when 848203 is divided by 9.
7
Calculate the remainder when 226757 is divided by 45351.
2
Calculate the remainder when 19004 is divided by 72.
68
What is the remainder when 70651 is divided by 87?
7
What is the remainder when 3790 is divided by 79?
77
Calculate the remainder when 6354 is divided by 1057.
12
Calculate the remainder when 3338 is divided by 98.
6
Calculate the remainder when 6377 is divided by 59.
5
What is the remainder when 1457 is divided by 61?
54
Calculate the remainder when 482 is divided by 24.
2
What is the remainder when 23581 is divided by 21?
19
What is the remainder when 1831 is divided by 114?
7
Calculate the remainder when 7141 is divided by 63.
22
What is the remainder when 5068 is divided by 1682?
22
What is the remainder when 3819 is divided by 705?
294
What is the remainder when 308541 is divided by 52?
25
Calculate the remainder when 52348 is divided by 10467.
13
Calculate the remainder when 24860 is divided by 148.
144
What is the remainder when 2262 is divided by 1553?
709
What is the remainder when 132031 is divided by 205?
11
What is the remainder when 664377 is divided by 1178?
1163
What is the remainder when 23241 is divided by 83?
1
Calculate the remainder when 38521 is divided by 2715.
511
What is the remainder when 3474 is divided by 397?
298
Calculate the remainder when 2686 is divided by 52.
34
Calculate the remainder when 174323 is divided by 15847.
6
What is the remainder when 2354 is divided by 31?
29
What is the remainder when 1623 is divided by 502?
117
What is the remainder when 284808 is divided by 22?
18
What is the remainder when 435131 is divided by 416?
411
Calculate the remainder when 5284 is divided by 150.
34
Calculate the remainder when 26602 is divided by 724.
538
Calculate the remainder when 172391 is divided by 70.
51
Calculate the remainder when 37748 is divided by 20.
8
Calculate the remainder when 3109 is divided by 82.
75
What is the remainder when 11109 is divided by 925?
9
Calculate the remainder when 12069 is divided by 223.
27
What is the remainder when 3725 is divided by 46?
45
Calculate the remainder when 11023 is divided by 34.
7
Calculate the remainder when 69279 is divided by 40.
39
What is the remainder when 69973 is divided by 114?
91
What is the remainder when 3675163 is divided by 1958?
1955
What is the remainder when 4196 is divided by 708?
656
What is the remainder when 185 is divided by 137?
48
Calculate the remainder when 12623 is divided by 841.
8
Calculate the remainder when 34246 is divided by 17113.
20
Calculate the remainder when 15647 is divided by 47.
43
What is the remainder when 5609 is divided by 2797?
15
Calculate the remainder when 72810 is divided by 3.
0
What is the remainder when 1467 is divided by 30?
27
What is the remainder when 86837 is divided by 5108?
1
Calculate the remainder when 7973 is divided by 307.
298
What is the remainder when 3703 is divided by 108?
31
What is the remainder when 5466 is divided by 3410?
2056
What is the remainder when 154379 is divided by 10?
9
What is the remainder when 2139 is divided by 490?
179
Calculate the remainder when 39574 is divided by 671.
656
Calculate the remainder when 5427 is divided by 14.
9
Calculate the remainder when 61255 is divided by 13.
12
What is the remainder when 8930 is divided by 75?
5
What is the remainder when 635774 is divided by 198?
194
What is the remainder when 6338 is divided by 1462?
490
Calculate the remainder when 53663 is divided by 4.
3
Calculate the remainder when 7868 is divided by 314.
18
What is the remainder when 111687 is divided by 915?
57
Calculate the remainder when 399858 is divided by 33.
30
Calculate the remainder when 12007 is divided by 166.
55
Calculate the remainder when 23921 is divided by 31.
20
Calculate the remainder when 27970 is divided by 635.
30
Calculate the remainder when 1193 is divided by 225.
68
Calculate the remainder when 3024 is divided by 2524.
500
Calculate the remainder when 3308 is divided by 40.
28
Calculate the remainder when 4588 is divided by 1109.
152
What is the remainder when 203237 is divided by 8468?
5
What is the remainder when 31641 is divided by 60?
21
Calculate the remainder when 8577 is divided by 22.
19
Calculate the remainder when 486469 is divided by 392.
389
Calculate the remainder when 4780901 is divided by 695.
691
What is the remainder when 3581 is divided by 1175?
56
What is the remainder when 6411 is divided by 36?
3
Calculate the remainder when 404 is divided by 18.
8
Calculate the remainder when 141980 is divided by 174.
170
Calculate the remainder when 62375 is divided by 46.
45
Calculate the remainder when 4068 is divided by 1458.
1152
What is the remainder when 613 is divided by 350?
263
What is the remainder when 19602 is divided by 8?
2
Calculate the remainder when 12545 is divided by 279.
269
Calculate the remainder when 696057 is divided by 291.
276
What is the remainder when 1149045 is divided by 18?
15
Calculate the remainder when 1521 is divided by 756.
9
Calculate the remainder when 1672834 is divided by 214.
210
Calculate the remainder when 3143 is divided by 697.
355
Calculate the remainder when 4300 is divided by 167.
125
Calculate the remainder when 21924 is divided by 8.
4
What is the remainder when 2170 is divided by 93?
31
Calculate the remainder when 4894 is divided by 3460.
1434
Calculate the remainder when 40536 is divided by 331.
154
What is the remainder when 20603 is divided by 224?
219
What is the remainder when 250642 is divided by 75?
67
Calculate the remainder when 8116 is divided by 61.
3
Calculate the remainder when 46787 is divided by 375.
287
What is the remainder when 97779 is divided by 258?
255
What is the remainder when 886 is divided by 40?
6
What is the remainder when 110121 is divided by 161?
158
What is the remainder when 4224 is divided by 300?
24
What is the remainder when 41348 is divided by 179?
178
Calculate the remainder when 6205